actor of 8559 and 34786946?
317
What is the highest common factor of 2175 and 389775?
75
What is the highest common divisor of 986391 and 122283?
189
Calculate the highest common factor of 12727 and 1409493.
89
Calculate the highest common divisor of 39688 and 62934344.
3608
What is the highest common factor of 8792 and 362942552?
8792
Calculate the highest common divisor of 18744 and 416983.
71
Calculate the greatest common divisor of 5548179 and 3276.
273
What is the greatest common factor of 46478 and 1768898?
2734
What is the highest common divisor of 36486124 and 66210?
4414
Calculate the greatest common factor of 26216 and 24824.
232
Calculate the greatest common divisor of 112 and 37949968.
112
Calculate the highest common divisor of 7520480 and 112640.
1760
What is the greatest common factor of 286 and 161232136?
26
What is the highest common factor of 23 and 1098399776?
23
What is the greatest common divisor of 180339568 and 16?
16
What is the greatest common divisor of 49485999 and 603?
201
What is the highest common divisor of 3604010 and 13140?
730
Calculate the highest common divisor of 6613460 and 29100.
1940
Calculate the highest common factor of 3928745 and 607568.
2921
Calculate the highest common divisor of 24319 and 4905113.
293
What is the highest common factor of 8920642 and 848?
106
Calculate the greatest common factor of 82250 and 546770.
70
Calculate the greatest common factor of 10415416 and 121.
11
Calculate the highest common divisor of 109614693 and 87.
87
What is the highest common factor of 25098 and 2427456?
282
What is the greatest common factor of 67679060 and 260?
20
Calculate the greatest common factor of 1506 and 122334.
6
Calculate the greatest common factor of 6168 and 26314744.
2056
Calculate the highest common factor of 235985 and 1460509.
433
Calculate the greatest common factor of 1955872 and 15584.
32
What is the highest common factor of 127376 and 69138352?
6704
What is the greatest common factor of 2327904146 and 67?
67
Calculate the greatest common factor of 98534 and 7657.
19
Calculate the highest common factor of 1150 and 9812812.
46
What is the highest common divisor of 1280 and 24331520?
1280
Calculate the greatest common factor of 19 and 892422.
1
Calculate the greatest common factor of 9522421 and 631.
631
What is the highest common divisor of 22251521 and 102?
17
What is the highest common factor of 1450 and 2764400?
50
Calculate the highest common factor of 38212 and 232301.
233
Calculate the greatest common divisor of 8 and 13167256.
8
What is the highest common divisor of 337346597 and 21?
7
Calculate the highest common divisor of 76623703 and 13.
13
Calculate the greatest common divisor of 45106 and 178.
2
What is the greatest common divisor of 229146 and 73850?
422
Calculate the highest common divisor of 906164 and 868.
28
Calculate the greatest common divisor of 21252 and 5063772.
1932
Calculate the greatest common divisor of 336 and 1886567872.
112
Calculate the greatest common divisor of 174839922 and 5634.
5634
What is the greatest common divisor of 22592488 and 505?
101
What is the greatest common factor of 143 and 1419066?
11
What is the highest common divisor of 67 and 4712503?
1
Calculate the highest common factor of 22 and 9361462.
22
Calculate the highest common factor of 97714106 and 154.
14
What is the highest common divisor of 11754306 and 8?
2
What is the highest common factor of 900909 and 930555?
1647
Calculate the greatest common divisor of 16148273 and 464.
29
What is the highest common divisor of 151925563 and 366?
61
Calculate the greatest common divisor of 1029633 and 13134.
33
Calculate the greatest common divisor of 4366640659 and 139.
139
Calculate the greatest common divisor of 672084677 and 55.
11
Calculate the greatest common factor of 198 and 3220382.
22
What is the greatest common factor of 36005882 and 164362?
5302
Calculate the highest common factor of 1024 and 9739088.
16
What is the highest common factor of 17080696 and 1292?
76
What is the highest common divisor of 11535 and 121673487?
2307
Calculate the highest common factor of 2627974 and 2.
2
Calculate the greatest common divisor of 300 and 20404512.
12
What is the greatest common factor of 63972 and 38484?
36
Calculate the greatest common divisor of 11739 and 18276505.
559
What is the highest common factor of 54729652 and 608?
76
Calculate the greatest common divisor of 884 and 5305612.
52
Calculate the greatest common divisor of 18907 and 1856771.
259
Calculate the highest common factor of 270 and 32847705.
45
What is the greatest common divisor of 30 and 4703129?
1
Calculate the greatest common factor of 2131351 and 456595.
1723
Calculate the greatest common factor of 1280 and 311830.
10
What is the highest common factor of 1192412 and 20033?
299
What is the highest common factor of 11353 and 451088749?
11353
Calculate the highest common divisor of 46177 and 436789.
757
Calculate the highest common divisor of 1143 and 433222146.
1143
Calculate the greatest common divisor of 1083 and 2003189.
361
Calculate the greatest common divisor of 250 and 88066.
2
What is the greatest common divisor of 315 and 25817540?
35
Calculate the highest common divisor of 132 and 1761683.
11
Calculate the highest common divisor of 236057856 and 2304.
768
What is the greatest common factor of 7471 and 2449?
31
What is the greatest common factor of 162720 and 84510?
90
Calculate the highest common divisor of 341 and 1001473.
11
What is the highest common divisor of 368478 and 4797?
9
What is the highest common divisor of 6065850 and 1962?
654
Calculate the highest common divisor of 3389030 and 209.
19
What is the greatest common factor of 6228904 and 2706?
22
Calculate the highest common divisor of 425 and 20125025.
425
Calculate the greatest common factor of 112 and 2514162.
14
What is the highest common factor of 42294 and 612921?
57
Calculate the greatest common divisor of 11997 and 107586.
387
Calculate the greatest common factor of 627 and 34653777.
57
Calculate the highest common factor of 10504 and 16424.
8
Calculate the greatest common factor of 5966958 and 7532.
538
What is the highest common factor of 4231776 and 1128?
24
What is the highest common divisor of 995210987 and 7558?
3779
Calculate the greatest common factor of 9250461 and 81567.
477
What is the highest common divisor of 62567 and 38912?
19
Calculate the highest common divisor of 816 and 596596368.
816
Calculate the greatest common factor of 3904 and 792680.
8
Calculate the highest common divisor of 360356 and 352.
4
Calculate the highest common divisor of 11024436 and 7860.
1572
Calculate the greatest common factor of 206231676 and 987.
987
What is the greatest common divisor of 915483 and 111867?
2283
Calculate the greatest common factor of 3329115 and 105.
15
What is the greatest common divisor of 432 and 5065254?
54
Calculate the highest common factor of 246167494 and 878.
878
Calculate the highest common divisor of 156 and 64002003.
39
Calculate the highest common divisor of 7983 and 60449937.
2661
What is the highest common divisor of 1055452104 and 18?
18
Calculate the greatest common factor of 6310944 and 5984.
544
What is the greatest common divisor of 5953128 and 357?
51
What is the highest common divisor of 2268 and 4966416?
252
What is the greatest common factor of 1209 and 10136659?
403
What is the highest common factor of 27472327 and 92?
23
What is the highest common factor of 60 and 3310404?
12
Calculate the highest common divisor of 13568 and 37864472.
424
Calculate the highest common divisor of 211106782 and 102.
34
Calculate the highest common factor of 233008 and 4544.
16
What is the highest common factor of 1668452 and 128?
4
What is the greatest common factor of 29461821 and 123?
123
Calculate the highest common divisor of 166828 and 26170516.
716
Calculate the highest common divisor of 21228 and 3507927.
5307
What is the greatest common factor of 169184 and 248571104?
9952
Calculate the greatest common factor of 134208 and 17941.
233
What is the greatest common factor of 38399 and 29954488?
817
Calculate the highest common factor of 3012755 and 485.
5
Calculate the greatest common factor of 12985049 and 539.
539
Calculate